-y + 4*t - 7. Let f(o) = o**3 + 4*o**2 + 3. Calculate the remainder when f(y) is divided by (-17)/(-1) + -1 + 1.
15
Let r(q) = q**3 + 17*q**2 + 15*q - 16. Let t be r(-16). Suppose 2*g = 3*b - 60, -29 + t = g - b. What is the remainder when 3/(g/15)*-21 is divided by 13?
9
Let i(s) = -2*s**2 - 12*s + 15. What is the remainder when 704 is divided by i(-6)?
14
What is the remainder when 6/(-11) + ((-894)/(-66) - -15) is divided by ((-3)/(-2))/((-6)/(-32))?
4
Suppose 0*g + 4*d = 5*g - 22, 0 = 5*g + 3*d - 1. What is the remainder when 15 is divided by 1 - 8*g/(-2)?
6
Let a = -18 - -22. Let p be (30/(-20))/(1/a). Let m(s) = -s**3 - 6*s**2 - 2*s + 6. What is the remainder when 52 is divided by m(p)?
16
Suppose -2*j - 3*j - 55 = -3*r, 25 = 4*r + 3*j. Calculate the remainder when (-15)/(-60) + (-321)/(-12) is divided by r.
7
Suppose 0 = 45*a - 42*a - 48. What is the remainder when 45 is divided by a?
13
Let p(v) = 5*v - 28. Calculate the remainder when p(16) is divided by 32.
20
Let y = -435 + 610. Suppose 0 = 3*p - 2*x - 105, -5*p + 3*x + y = 2*x. What is the remainder when p is divided by 18?
17
Suppose 10*p + 57 = 13*p + 3*t, -2*t + 60 = 3*p. What is the remainder when 790 is divided by p?
20
Let y(n) = 4*n**2 - 2*n - 3. Let u be y(-1). Calculate the remainder when (u - 8) + 9 - -72 is divided by 27.
22
Let t = 127 + -108. Calculate the remainder when 37 is divided by t.
18
Suppose -2464 = -44*w + 12*w. What is the remainder when w is divided by 5?
2
Suppose -3*m + 14*w + 431 = 10*w, 5*m = 5*w + 725. Calculate the remainder when m is divided by 25.
24
Suppose 3*h + 72 = -102. Let g = h + 100. Suppose 5*j - g = 2*j. Calculate the remainder when 67 is divided by j.
11
Suppose -5*t - 110 = -4*v + 12, -4 = -2*t. Let o be -24*(-2)/(-8)*-2. Calculate the remainder when v is divided by (-6 + o)*4/2.
9
Let h be 15/10*(-16)/(-6). Let l be 6064/56 - h/14. Calculate the remainder when l/(-30)*(-5)/2 is divided by 3.
0
Let k = -37 + 43. What is the remainder when 10 is divided by k?
4
Suppose -3*r - 322 = -10*r. Let o = -11 + r. What is the remainder when (-14)/4*-20 - 2 is divided by o?
33
Suppose 0 = 2*c + c + 42. Let y be ((-12)/21)/(4/c). Suppose -n + 27 = 2*s - 18, 0 = y*s + 6. Calculate the remainder when n is divided by 27.
24
Let m = 330 + -324. What is the remainder when 45 is divided by m?
3
Suppose -21 + 23 = 2*d. Let q be 2/((-25)/(-8) - 3). Let k = -15 + q. What is the remainder when k is divided by d?
0
Let m(g) = -2*g**2 - 28*g + 18. What is the remainder when m(-12) is divided by 18?
12
Let f(l) = -5*l - 10. Let n be f(-8). Let a = n + -28. Suppose 3*c + a*b - 82 = 0, -5*c - b + 6*b = -95. Calculate the remainder when 69 is divided by c.
21
Let y = 289 - 121. What is the remainder when y is divided by 34?
32
Suppose -4*p + 3*z = -39, 4*p - 2*p - 7 = -z. What is the remainder when 68 is divided by (-2 - 57/p)/(5/(-10))?
22
Suppose 0 = 5*y - 5, 61*y - 63*y + 236 = 3*a. Calculate the remainder when 194 is divided by a.
38
Let y = -53 + 151. What is the remainder when y is divided by 2*(19/2 + (-72)/(-24))?
23
Suppose -3*r = -5*r + 36. Suppose -i + 4*z = -146, 2*i + 2*i + 2*z = 638. Suppose -2*y + i = -3*h - h, h + 75 = y. What is the remainder when y is divided by r?
17
Let a = -38 + 99. Let p(v) = v**2 - 21*v + 55. Calculate the remainder when a is divided by p(19).
10
Let q(i) = i**3 - 26*i**2 + 2*i - 16. Let h be q(26). Suppose h = -2*o + 11*o. Calculate the remainder when 12 is divided by o.
0
Let h(b) = -b + 10. Let p be h(8). Suppose 2*d = -p*d + 20. Calculate the remainder when 9 is divided by d.
4
Let h(u) = 22*u - 247. What is the remainder when h(48) is divided by 90?
89
Let a = 353 - 308. Calculate the remainder when a is divided by 16.
13
Suppose 0 = -41*f + 1041 + 681. Calculate the remainder when 152 is divided by f.
26
Suppose 2445*n + 582 = 2451*n. What is the remainder when 464 is divided by n?
76
Let y(r) = r**2 - 17*r + 43. Let x(p) = 2*p + 5. Let k be x(5). What is the remainder when 76 is divided by y(k)?
11
Let a = 1379 - 1368. Calculate the remainder when 229 is divided by a.
9
Suppose 6*b = -116 + 2288. What is the remainder when b is divided by 28?
26
Suppose 4*c - 91 = -9*s + 166, 0 = -4*c + 2*s + 246. What is the remainder when c is divided by 12?
2
Let f(p) = 10*p - 1. Let a = 31 - 26. Let t = 11 - a. What is the remainder when f(1) is divided by t?
3
Let p(o) = -o**3 - 4*o**2 - 3*o + 4. Let s be 1/3 - (-91)/(-21). Let t be (s - (3 - 6)) + -2. What is the remainder when 14 is divided by p(t)?
2
Let u = -64 - -68. What is the remainder when 55 is divided by (16/3)/u*126/12?
13
What is the remainder when (-6 - 103)*-1 + -2 is divided by 22?
19
Let q(r) = -r**2 + 11*r - 2. Let p be q(11). Calculate the remainder when p/(-8) - 3196/(-16) is divided by 51.
47
Suppose -61*c + 56*c - 75 = 0. Let x = 66 + c. What is the remainder when x is divided by 9?
6
Suppose -15 - 60 = -15*r. Let j = -10 + 14. What is the remainder when r is divided by j?
1
Let u(o) = 3*o - 58. Let d be u(0). Let n = d + 75. Calculate the remainder when 62 is divided by n.
11
Suppose -4*b + 3*j = -152, 3*b + b - 176 = -3*j. What is the remainder when 156 is divided by b?
33
Let u = 4 - 2. Suppose -5 = -u*z + z. Suppose 0 = 4*n - z*n + 10. Calculate the remainder when n is divided by 6.
4
Calculate the remainder when 129 is divided by (3/12)/(17/2244).
30
Let f = -858 - -957. Calculate the remainder when f is divided by 26.
21
Let p(z) = -z**2 - 13*z + 5. Let c be p(-13). Suppose -c*g + 115 = 3*l - 8*l, -3*g + 67 = -5*l. Calculate the remainder when g is divided by 13.
11
Let c be (-6)/8 - 92/(-16). Let z = 14 - c. Suppose u = -z*k + 4*k + 21, 0 = 3*k - 3*u - 27. What is the remainder when 24 is divided by k?
4
Let x(d) = 3*d**2 + 3*d + 6. Calculate the remainder when x(-4) is divided by (-24)/(-32)*308/21.
9
What is the remainder when 350/3*10/150*18 is divided by 16?
12
Suppose 0 = 5*x - a - 112, -5*x = -3*a - 0*a - 106. What is the remainder when 66 is divided by x?
20
Suppose -14*s = -19*s + 15, z = -s + 40. Calculate the remainder when 366 is divided by z.
33
Let z(g) = 2*g**2 + 6*g - 6. Suppose 2 = -3*r - 13. Suppose -2*y + 4*n + 0*n + 90 = 0, n = 5. What is the remainder when y is divided by z(r)?
13
Let g = -554 - -1326. What is the remainder when g is divided by 111?
106
Suppose 123 = 5*i - 172. Let t = 83 - i. Suppose -b - 2*p + t = 0, 3*b + 5*p - 69 - 4 = 0. Calculate the remainder when b is divided by 9.
8
Let u = 1 - -2. Suppose -118 = -4*d - 2*t + 174, 5*d - 3*t = 343. What is the remainder when d is divided by 3 - ((-54)/u - -3)?
17
Suppose 995 = 8*n + 907. Calculate the remainder when 376/9 - 2/(-9) is divided by n.
9
Suppose 4*q - 121 - 55 = 0. Suppose 5*p - 1 = 9. What is the remainder when 4/22 + 168/q is divided by p?
0
Let v = 148 + -123. Calculate the remainder when 47 is divided by v.
22
Let u(t) = 2*t + 44. Let l be u(-21). Suppose -a = -l*g - 47, -4*g - 139 = -3*a + g. Calculate the remainder when a is divided by 11.
10
Suppose -2 + 3 = -d. Let t be (-2 - d)*(-1)/1. What is the remainder when t + (-2 - -21 - 0) is divided by 11?
9
Let w be (99/6)/(3/4). Suppose 5 = 9*b - w. What is the remainder when 21 is divided by b?
0
Let y(s) = 2*s + 8. Let i be y(-6). Let x = i + 2. Calculate the remainder when 9 is divided by (x/(-5))/(13/65).
1
Let c(o) = o**3 - 4*o**2 - 3*o - 1. Let b(t) = -4*t + 144. Calculate the remainder when b(33) is divided by c(5).
3
Suppose -n - 210 = -3*n. Let v = 10 + -5. Suppose n = v*y - 2*y. Calculate the remainder when y is divided by 12.
11
Suppose 0 = -2*m + 8*m - 30. Suppose -8*w + 3 = -m*w. Calculate the remainder when 12 is divided by ((2 - -3)/1)/w.
2
Suppose 0 = 2*p - 3*p - 3*n + 6, 49 = 5*p - 4*n. Let t(g) = 17*g - 368. Calculate the remainder when t(23) is divided by p.
5
Let p = 130 + -128. Suppose -3*o - 3*l + 9 = -0*o, -3*o + 24 = -p*l. What is the remainder when o is divided by 5?
1
Let j(q) = 9*q**2 + 112*q + 24. What is the remainder when j(-13) is divided by 23?
20
Let z be 5*(-4 + (-10)/(-25)). Let s(r) = -2*r - 22. Let l(k) = -k**2 - 4*k + 5. What is the remainder when s(z) is divided by l(-4)?
4
Let g(r) = r**3 + 6*r**2 - r + 2. Let h be (-6)/(-7)*(-1 + -6). Let o = -38 + 77. What is the